ber?
True
Let v(g) = 4*g**3 + 3*g**2 + 2*g + 1. Let j be v(-2). Let x = -16 - j. Suppose 28 = -x*l + 1071. Is l a composite number?
False
Suppose -5*q + 328 = -4*j, -2*j + 65 = q - 3*j. Suppose -13 = -3*z + q. Suppose z + 461 = 4*o. Is o a prime number?
False
Let k(h) = 3*h**2 + 30*h + 17. Is k(12) a composite number?
False
Suppose 142*h + 47714 = 144*h. Is h prime?
True
Is 3/6*(4270 - -36) a composite number?
False
Let h be (8/(-10))/(14/(-245)). Let d be (-36)/21 - 4/h. Is (-5 + 507)*d/(-4) a prime number?
True
Suppose 2*n - 250 = -5*u, -3*n + 27 = -3*u + 156. Suppose -z = q - 159 - u, -z = 4*q - 213. Is z prime?
False
Let u be 737*30/6*1. Let j = -2174 + u. Is j composite?
False
Is -9 + 14457 - (-5)/(-10)*-2 a composite number?
False
Suppose p + 5*u + 11 = 0, 5*p + 5*u = -0 + 5. Suppose 2*d = p*g + 304, d = -2*d - 2*g + 480. Is d a prime number?
False
Is 42/12*24652/14 a prime number?
True
Suppose -2*a + 122 = 18. Suppose 0 = s + s - a. Is s a composite number?
True
Suppose -3*p - 12 = -7*p. Let t(y) = -y + 6*y**3 - 1 - 2*y**p + y**2 + 6*y**3 + 4*y. Is t(2) a prime number?
True
Suppose o + 3*t - t - 9105 = 0, -27340 = -3*o - t. Is o prime?
False
Suppose 9 = -3*n - 0, 5*g - 4*n + 18 = 0. Let i(k) be the first derivative of -3*k**2 + 10*k + 62. Is i(g) prime?
False
Suppose 0 = 4*u + j - 0*j - 12, 0 = -u + 2*j + 3. Suppose t + 12 = 5*v, -t - t = u*v - 2. Suppose -57 = -p + v*i, -2*i + 154 = 2*p + 58. Is p prime?
False
Let c(a) = -a**2 + 10*a + 14. Let j be c(11). Suppose 2*l = j*l - 521. Is l composite?
False
Suppose -u = -3, 289 - 944 = -q + 4*u. Is q a composite number?
True
Suppose -31*h + 29*h = -6. Suppose 121 = -h*l + 1534. Is l a prime number?
False
Suppose 4*o - 47088 = 1484. Is o prime?
True
Is (35619/(-155))/((-6)/50) prime?
False
Suppose -124481 = -9*c + 2*c. Is c a prime number?
True
Suppose -10*i + 69890 = -34920. Is i a prime number?
False
Suppose -4*i = i + 780. Let q(p) = 3*p**3 - 3*p**2 - 9*p + 10. Let g be q(5). Let a = g + i. Is a a composite number?
False
Let f(i) = -222*i - 17. Is f(-15) a composite number?
False
Let v(h) be the first derivative of -11*h**2/2 + 15*h - 16. Is v(-4) prime?
True
Suppose -24*w + 89004 + 114060 = 0. Is w a composite number?
False
Suppose -g = 4 - 8. Let n = g + -4. Suppose -4*u - 3547 = -5*l - 3*u, 4*l + 4*u - 2828 = n. Is l composite?
False
Let x(k) = 383*k**2 + 21*k - 31. Is x(7) composite?
True
Suppose 2*l = -28 + 40. Is (-5 - -3)*((-1959)/l - -3) a composite number?
False
Suppose 7*a = -2*a + 45. Suppose 4*f - 349 = -a*r, -2*f + 6*r - r = -197. Is f prime?
False
Let t = 1 - -7. Suppose 314 = 10*n - t*n. Is n a composite number?
False
Let q(p) = -7*p**3 + 8*p**2 + 4*p - 7. Let s(j) = -3*j**3 + 4*j**2 + 2*j - 4. Let g(w) = -2*q(w) + 5*s(w). Let d = -499 + 503. Is g(d) composite?
False
Suppose 5*a + 30 = -5*k, k - 5*k - 8 = 2*a. Let t = 16 + a. Is 3/6 - (-1012)/t a composite number?
False
Suppose -2*r + 4*t = 3*r - 3, -2*r + 12 = 2*t. Suppose -66 = w + r*o, -5*w = 3*o - 0*o + 318. Let z = 142 + w. Is z a composite number?
False
Let v = 2162 + -1869. Is v a composite number?
False
Suppose -9*x - 27 = -63. Suppose x*f - 3*u - 565 = 0, -u + 410 = 4*f - 143. Is f a composite number?
False
Suppose -3*z + 7*z + 1156 = 0. Let a = z - -500. Is a a composite number?
False
Let l be ((-2116)/8)/(2/(-4)). Suppose 0*w = w - l. Is w a prime number?
False
Let v(l) = -55*l + 50. Let s(o) = o - 1. Let j(g) = -5*s(g) - v(g). Is j(8) prime?
False
Let q(j) = -j + 2. Let z(p) = p. Suppose 4*s = -38 - 42. Let c(v) = s*z(v) + 5*q(v). Is c(-7) composite?
True
Suppose 1770 = 4*d - 1642. Is d prime?
True
Suppose -2*t = -1 - 53. Suppose 0 = -4*k + t - 15. Suppose 2*y + 61 = k*a - 106, 0 = 5*y + 5. Is a prime?
False
Let r = -7 + 11. Suppose -w = t - 102, 20*w - 23*w + 301 = -2*t. Suppose 2*n - 349 = r*x + w, 0 = n - 3*x - 226. Is n prime?
True
Suppose 3*t - 3*x = 47727, 3*t = 8*x - 3*x + 47735. Is t a prime number?
False
Let q = -126 - -183. Is (-38)/(-2)*(q + 2) prime?
False
Let q = -34 - -33. Let k(w) = 19*w**2 + 28*w**2 - 2 + 26*w**2. Is k(q) a prime number?
True
Let q(w) = -60*w + 19. Let l(g) = -g**2 + 5*g - 4. Let y be l(7). Let v = y - -10. Is q(v) a prime number?
True
Let n be -2 + -688 - (0 + (-2 - -1)). Is 7 + 8/(-2) - (1 + n) a prime number?
True
Suppose -3*k = -4*k + 5. Suppose 0*i - k*i = 0. Suppose 69 = 3*q - i*q. Is q prime?
True
Suppose 0 = -5*o, -12*b = -7*b - 5*o - 38185. Is b prime?
False
Let o be (-154)/8 + 102/(-136). Is (3 + 2929)*(-5)/o a prime number?
True
Let q(d) be the third derivative of 13*d**7/2520 - d**6/180 + d**5/40 - d**4/6 + d**2. Let z(l) be the second derivative of q(l). Is z(6) a prime number?
False
Suppose -3*i - 683 = -p, -5*i + 1311 = 2*p - 0*i. Suppose 184 - p = -4*a. Is (-3221)/(-11) + 22/a a prime number?
True
Let x be (62/(-14) - (-9)/21)*-1. Suppose -g - x*u = -161, 3*g + 28 = 4*u + 431. Is g a prime number?
False
Let i = -2338 - -253. Let j = i - -2950. Is j a prime number?
False
Suppose -3*p - 27 = 3*z, p + 4 + 0 = 0. Let u(k) = 2*k - 5. Let h be u(z). Let q = h - -50. Is q a prime number?
False
Let d(u) be the first derivative of -u**4/4 - u**3 + 3*u**2/2 + 5*u - 3. Let g(q) = q**3 + 4*q**2 - 3*q - 6. Let x(h) = -5*d(h) - 4*g(h). Is x(4) prime?
False
Let m = -33872 - -60559. Is m a prime number?
True
Let s(y) = 18*y**2 + 5*y - 3. Let p be s(6). Suppose -5*m - 5*h - 2310 = 0, 8*m + 2307 = 3*m - 2*h. Let v = m + p. Is v prime?
False
Suppose -i + 4*i - 4*y = 590, -735 = -4*i - 5*y. Let c = 395 - i. Suppose -2*b = -3*b + c. Is b composite?
True
Let r = -31 + 33. Suppose n + 0 - r = 0. Suppose -n*x = -x - 146. Is x a composite number?
True
Suppose z + 5*k = -12, -z - 2*k - 12 = -3. Let r(o) = 2*o**3 + 3*o**2 + 3*o - 9. Let w be r(z). Let g = w - -924. Is g a prime number?
False
Suppose 5*o - 4*o - 1757 = -v, 2*v - 4*o = 3514. Is v prime?
False
Suppose 36*o - 1844205 - 902523 = 0. Is o prime?
False
Let k = -7350 - -18919. Is k a composite number?
True
Let x = 47 + 84. Suppose -4*v - x = -2823. Is v composite?
False
Let g = -2621 + 3732. Is g a prime number?
False
Let d(b) = -12 + 9*b**2 - 6*b - b**3 + 4 + 3. Let p be d(9). Let r = p + 324. Is r prime?
False
Is (-44 + 41)*(1 - 788) a prime number?
False
Let i(d) = 3*d + 4. Suppose 5*h = n + 6, 5*n - 2*h + h = 42. Is i(n) composite?
False
Let j be 1*-1*(-63)/7. Suppose -3*v + 1 = -g, -5*g - 2*v + j = -3*v. Suppose -152 = -g*p + 202. Is p composite?
True
Let y(o) = 36*o**2 + 33*o + 16. Let q be y(-13). Suppose -20 = -5*k, q = 3*s - 2*k + 3*k. Is s composite?
False
Suppose 363151 = 33*u + 123538. Is u a prime number?
False
Suppose -5541 = -2*p + 257. Is p prime?
False
Let s = 97 + -52. Suppose s + 876 = 3*n. Is n a prime number?
True
Suppose 47*p - 60*p = -183014. Is p a prime number?
False
Let g(b) = -383*b + 48. Let n be g(-6). Let i = n - 1403. Is i prime?
False
Let h = 15 - 16. Let p be 255 - (h + 2 - 4). Suppose k - 3*k + p = 0. Is k composite?
True
Let y(k) = -18838*k**3 - 2*k - 1. Is y(-1) prime?
True
Let k = 29 + -25. Suppose -m = -2*m - 3*y + 196, 5*m + k*y = 991. Is m prime?
True
Let w(q) = -2*q**3 + 66*q**2 - 49*q - 22. Is w(21) a prime number?
True
Is (-8 - 1 - 1)/(80/(-3160)) composite?
True
Let g be ((4664/(-5))/2)/(4/(-20)). Let u = -1055 + g. Is u a prime number?
True
Let q(s) = -76*s + 5. Let w(r) = 75*r - 4. Let p(o) = 2*q(o) + 3*w(o). Let a be p(1). Let c = a + -6. Is c composite?
True
Let u(n) = 13*n + 90. Is u(17) a composite number?
False
Let m be (70 - -1 - -1) + 10 + -7. Let p = m + 306. Is p a composite number?
True
Suppose n - 9*n = -24. Suppose -5*j + 2*o + 553 = 0, 315 = n*j + 3*o - 0*o. Is j a composite number?
False
Suppose 21*m - 36 = 9*m. Suppose -g = -0*g + b - 30, -g = -m*b - 34. Is g a prime number?
True
Let a(u) = 26*u**3 + 4*u**2 + 10*u - 11. Is a(5) a composite number?
False
Let x(t) = -209*t - 163. Is x(-4) a prime number?
True
Let o = -1711 - -4650. Is o composite?
False
Let l(o) be the second derivative of o**7/2520 + o**5/24 + o**4/3 - 7*o. Let g(c) be the third derivative of l(c). Is g(4) prime?
False
Let z(m) be the third derivative of -11*m**2 + 0*m - 7/6*m**3 + 1/4*m**4 + 0 + 0*m**5 - 1/12*m**6. Is z(-5) a composite number?
False
Suppose 3*p = -0*w + w + 14, -16 = -4*p + 4*w. Suppos